{"id":23,"date":"2021-09-13T10:57:03","date_gmt":"2021-09-13T10:57:03","guid":{"rendered":"http:\/\/hectare.pl\/?page_id=23"},"modified":"2021-09-24T13:28:57","modified_gmt":"2021-09-24T11:28:57","slug":"o-projekcie","status":"publish","type":"page","link":"https:\/\/hectare.pl\/index.php\/o-projekcie\/","title":{"rendered":"O projekcie"},"content":{"rendered":"\n<div class=\"wp-block-image\"><figure class=\"alignleft size-full is-resized\"><img loading=\"lazy\" src=\"https:\/\/hectare.pl\/wp-content\/uploads\/2021\/09\/Obraz1.png\" alt=\"\" class=\"wp-image-22\" width=\"1231\" height=\"130\" srcset=\"https:\/\/hectare.pl\/wp-content\/uploads\/2021\/09\/Obraz1.png 967w, https:\/\/hectare.pl\/wp-content\/uploads\/2021\/09\/Obraz1-300x32.png 300w, https:\/\/hectare.pl\/wp-content\/uploads\/2021\/09\/Obraz1-768x81.png 768w\" sizes=\"(max-width: 1231px) 100vw, 1231px\" \/><\/figure><\/div>\n\n\n\n<p>Przedmiotem projektu jest budowa farmy fotowoltaicznej na dzia\u0142ce 82\/1 obr\u0119b Su\u0142\u00f3w \u0142\u0105cznej mocy 974,95kW.<\/p>\n\n\n\n<p>Beneficjentem projektu jest firma <strong>HecTare Jacek Radzik<\/strong>.<\/p>\n\n\n\n<p>Farma sk\u0142ada\u0107 si\u0119 b\u0119dzie \u0142\u0105cznie 2635 sztuk paneli o mocy jednostkowej 370Wp ka\u017cdy&nbsp;oraz<br>8 falownik\u00f3w. Ilo\u015b\u0107 energii elektrycznej wyprodukowanej w ci\u0105gu roku z instalacji PV wyniesie: 974,95MWh. Emisja CO2, kt\u00f3rej uda si\u0119 unikn\u0105\u0107 wyniesie: 770,22 ton\/rok.<\/p>\n\n\n\n<p>W ramach prac budowlanych wykonane zostan\u0105:<\/p>\n\n\n\n<ul><li>monta\u017c paneli fotowoltaicznych na stalowej lub stalowo-aluminiowej konstrukcji monta\u017cowej,<\/li><li>monta\u017c inwerter\u00f3w, kabli solarnych, linii kablowych AC,<\/li><li>zabudowa uk\u0142adu pomiarowo-rozliczeniowego na napi\u0119ciu SN oraz na napi\u0119ciu nN,<\/li><li>posadowienie prefabrykowanej stacji kontenerowej wraz z transformatorem nN\/SN,<\/li><li>budowa wewn\u0119trznej drogi wraz z placem manewrowym,<\/li><li>budowa drogi dojazdowej,<\/li><li>budowa miejsca na odpady,<\/li><li>budowa miejsca parkingowego,<\/li><li>posadowienie ogrodzenia,<\/li><li>monta\u017c systemu monitoringu, o\u015bwietlenia, bednarki oraz pozosta\u0142ego oprzyrz\u0105dowania.<\/li><\/ul>\n\n\n\n<p><strong>G\u0142\u00f3wnym celem projektu jest:<\/strong> poprawa efektywno\u015bci energetycznej regionu oraz zwi\u0119kszenie udzia\u0142u odnawialnych \u017ar\u00f3de\u0142 energii w produkcji energii elektrycznej w skali regionu oraz kraju.<br><br><strong>Celami szczeg\u00f3\u0142owymi s\u0105:<\/strong><\/p>\n\n\n\n<ul><li>promowanie energii pochodz\u0105cej ze \u017ar\u00f3de\u0142 odnawialnych,<\/li><li>zwi\u0119kszenie udzia\u0142u energii odnawialnej w regionie,<\/li><li>poprawa bezpiecze\u0144stwa energetycznego, co wpisuje si\u0119 bezpo\u015brednio w polityk\u0119 energetyczn\u0105 Unii Europejskiej,<\/li><li>ograniczenie emisji CO2 oraz innych zanieczyszcze\u0144 poprzez wyktechnologii zeroemisyjnego wytwarzania energii elektrycznej.<\/li><\/ul>\n\n\n\n<p><strong>Wska\u017anik rezultatu bezpo\u015bredniego:<\/strong><\/p>\n\n\n\n<ol type=\"1\"><li>Szacowany roczny spadek emisji gaz\u00f3w cieplarnianych (CI 34): 770,2200 Mg CO2\/rok<\/li><li>Produkcja energii elektrycznej netto z nowo wybudowanych instalacji wykorzystuj\u0105cych OZE: 974,95 MWh<\/li><\/ol>\n\n\n\n<p><strong>Wska\u017aniki produktu:<\/strong><\/p>\n\n\n\n<ol type=\"1\"><li>Liczba wybudowanych jednostek wytwarzania energii elektrycznej z OZE: 1<\/li><li>Dodatkowa zdolno\u015b\u0107 wytwarzania energii ze \u017ar\u00f3de\u0142 odnawialnych (CI 30): 0,9749 MW<\/li><li>Liczba przedsi\u0119biorstw otrzymuj\u0105cych wsparcie (CI 1): 1<\/li><\/ol>\n\n\n\n<p>Beneficjent na realizacj\u0119 tej inwestycji otrzyma\u0142 dofinansowanie w wysoko\u015bci <strong>1 515 755,90<\/strong> <strong>z\u0142<\/strong>, natomiast ca\u0142kowita warto\u015b\u0107 inwestycji wynosi <strong>3 281 598,41<\/strong> <strong>z\u0142.<\/strong><\/p>\n\n\n\n<p>Projekt realizowany jest z Regionalnego Programu Operacyjnego Lubuskie &#8211; &nbsp;2020 w ramach Dzia\u0142ania 3.1. Odnawialne \u017ar\u00f3d\u0142a energii. Planowany termin zako\u0144czenia inwestycji 30.08.2021 r.<\/p>\n\n\n\n<figure class=\"wp-block-gallery columns-3 is-cropped\"><ul class=\"blocks-gallery-grid\"><li class=\"blocks-gallery-item\"><figure><img loading=\"lazy\" width=\"1024\" height=\"576\" src=\"https:\/\/hectare.pl\/wp-content\/uploads\/2021\/09\/DJI_0480-1024x576.jpg\" alt=\"\" data-id=\"47\" data-full-url=\"https:\/\/hectare.pl\/wp-content\/uploads\/2021\/09\/DJI_0480-scaled.jpg\" data-link=\"https:\/\/hectare.pl\/dcim100mediadji_0480-jpg\/\" class=\"wp-image-47\" srcset=\"https:\/\/hectare.pl\/wp-content\/uploads\/2021\/09\/DJI_0480-1024x576.jpg 1024w, https:\/\/hectare.pl\/wp-content\/uploads\/2021\/09\/DJI_0480-300x169.jpg 300w, https:\/\/hectare.pl\/wp-content\/uploads\/2021\/09\/DJI_0480-768x432.jpg 768w, https:\/\/hectare.pl\/wp-content\/uploads\/2021\/09\/DJI_0480-1536x864.jpg 1536w, https:\/\/hectare.pl\/wp-content\/uploads\/2021\/09\/DJI_0480-2048x1152.jpg 2048w, https:\/\/hectare.pl\/wp-content\/uploads\/2021\/09\/DJI_0480-1110x624.jpg 1110w, https:\/\/hectare.pl\/wp-content\/uploads\/2021\/09\/DJI_0480-528x297.jpg 528w\" sizes=\"(max-width: 1024px) 100vw, 1024px\" \/><\/figure><\/li><li class=\"blocks-gallery-item\"><figure><img loading=\"lazy\" width=\"1024\" height=\"576\" src=\"https:\/\/hectare.pl\/wp-content\/uploads\/2021\/09\/DJI_0478-1024x576.jpg\" alt=\"\" data-id=\"46\" data-full-url=\"https:\/\/hectare.pl\/wp-content\/uploads\/2021\/09\/DJI_0478-scaled.jpg\" data-link=\"https:\/\/hectare.pl\/dcim100mediadji_0478-jpg\/\" class=\"wp-image-46\" srcset=\"https:\/\/hectare.pl\/wp-content\/uploads\/2021\/09\/DJI_0478-1024x576.jpg 1024w, https:\/\/hectare.pl\/wp-content\/uploads\/2021\/09\/DJI_0478-300x169.jpg 300w, https:\/\/hectare.pl\/wp-content\/uploads\/2021\/09\/DJI_0478-768x432.jpg 768w, https:\/\/hectare.pl\/wp-content\/uploads\/2021\/09\/DJI_0478-1536x864.jpg 1536w, https:\/\/hectare.pl\/wp-content\/uploads\/2021\/09\/DJI_0478-2048x1152.jpg 2048w, https:\/\/hectare.pl\/wp-content\/uploads\/2021\/09\/DJI_0478-1110x624.jpg 1110w, https:\/\/hectare.pl\/wp-content\/uploads\/2021\/09\/DJI_0478-528x297.jpg 528w\" sizes=\"(max-width: 1024px) 100vw, 1024px\" \/><\/figure><\/li><li class=\"blocks-gallery-item\"><figure><img loading=\"lazy\" width=\"1024\" height=\"576\" src=\"https:\/\/hectare.pl\/wp-content\/uploads\/2021\/09\/DJI_0476-1024x576.jpg\" alt=\"\" data-id=\"45\" data-full-url=\"https:\/\/hectare.pl\/wp-content\/uploads\/2021\/09\/DJI_0476-scaled.jpg\" data-link=\"https:\/\/hectare.pl\/dcim100mediadji_0476-jpg\/\" class=\"wp-image-45\" srcset=\"https:\/\/hectare.pl\/wp-content\/uploads\/2021\/09\/DJI_0476-1024x576.jpg 1024w, https:\/\/hectare.pl\/wp-content\/uploads\/2021\/09\/DJI_0476-300x169.jpg 300w, https:\/\/hectare.pl\/wp-content\/uploads\/2021\/09\/DJI_0476-768x432.jpg 768w, https:\/\/hectare.pl\/wp-content\/uploads\/2021\/09\/DJI_0476-1536x864.jpg 1536w, https:\/\/hectare.pl\/wp-content\/uploads\/2021\/09\/DJI_0476-2048x1152.jpg 2048w, https:\/\/hectare.pl\/wp-content\/uploads\/2021\/09\/DJI_0476-1110x624.jpg 1110w, https:\/\/hectare.pl\/wp-content\/uploads\/2021\/09\/DJI_0476-528x297.jpg 528w\" sizes=\"(max-width: 1024px) 100vw, 1024px\" \/><\/figure><\/li><li class=\"blocks-gallery-item\"><figure><img loading=\"lazy\" width=\"1024\" height=\"576\" src=\"https:\/\/hectare.pl\/wp-content\/uploads\/2021\/09\/DJI_0473-1024x576.jpg\" alt=\"\" data-id=\"42\" data-full-url=\"https:\/\/hectare.pl\/wp-content\/uploads\/2021\/09\/DJI_0473-scaled.jpg\" data-link=\"https:\/\/hectare.pl\/dcim100mediadji_0473-jpg\/\" class=\"wp-image-42\" srcset=\"https:\/\/hectare.pl\/wp-content\/uploads\/2021\/09\/DJI_0473-1024x576.jpg 1024w, https:\/\/hectare.pl\/wp-content\/uploads\/2021\/09\/DJI_0473-300x169.jpg 300w, https:\/\/hectare.pl\/wp-content\/uploads\/2021\/09\/DJI_0473-768x432.jpg 768w, https:\/\/hectare.pl\/wp-content\/uploads\/2021\/09\/DJI_0473-1536x864.jpg 1536w, https:\/\/hectare.pl\/wp-content\/uploads\/2021\/09\/DJI_0473-2048x1152.jpg 2048w, https:\/\/hectare.pl\/wp-content\/uploads\/2021\/09\/DJI_0473-1110x624.jpg 1110w, https:\/\/hectare.pl\/wp-content\/uploads\/2021\/09\/DJI_0473-528x297.jpg 528w\" sizes=\"(max-width: 1024px) 100vw, 1024px\" \/><\/figure><\/li><\/ul><\/figure>\n\n\n\n<figure class=\"wp-block-video\"><video controls src=\"https:\/\/hectare.pl\/wp-content\/uploads\/2021\/09\/DJI_0477.MP4\"><\/video><\/figure>\n\n\n\n<div id=\"wpgmza_map\" class=\"wpgmza_map\" data-settings='{\"id\":\"1\",\"map_title\":\"Su\\u0142\\u00f3w\",\"map_width\":\"100\",\"map_height\":\"400\",\"map_start_lat\":\"52.37840546796383\",\"map_start_lng\":\"14.731780344163967\",\"map_start_location\":\"45.950464398418106,-109.81550500000003\",\"map_start_zoom\":\"15\",\"default_marker\":\"\",\"type\":\"0\",\"alignment\":\"4\",\"directions_enabled\":\"0\",\"styling_enabled\":\"0\",\"styling_json\":\"\",\"active\":\"0\",\"kml\":\"\",\"bicycle\":\"0\",\"traffic\":\"0\",\"dbox\":\"0\",\"dbox_width\":\"\",\"listmarkers\":\"0\",\"listmarkers_advanced\":\"0\",\"filterbycat\":\"0\",\"ugm_enabled\":\"0\",\"ugm_category_enabled\":\"0\",\"fusion\":\"\",\"map_width_type\":\"%\",\"map_height_type\":\"px\",\"mass_marker_support\":\"0\",\"ugm_access\":\"0\",\"order_markers_by\":\"0\",\"order_markers_choice\":\"0\",\"show_user_location\":\"0\",\"default_to\":\"\",\"other_settings\":{\"map_type\":1,\"sl_stroke_color\":\"\",\"sl_fill_color\":\"\",\"sl_stroke_opacity\":\"\",\"sl_fill_opacity\":\"\",\"transport_layer\":false,\"action\":\"wpgmza_save_map\",\"redirect_to\":\"\\\/wp-admin\\\/admin-post.php\",\"map_id\":\"1\",\"http_referer\":\"\\\/wp-admin\\\/admin.php?page=wp-google-maps-menu&amp;amp;override=1&amp;amp;action=edit&amp;amp;map_id=1\",\"wpgmza_id\":\"1\",\"wpgmza_start_location\":\"52.37840546796383,14.731780344163967\",\"wpgmza_start_zoom\":\"4\",\"store_locator_enabled\":false,\"store_locator_search_area\":\"radial\",\"wpgmza_store_locator_radius_style\":\"legacy\",\"wpgmza_store_locator_default_radius\":\"10\",\"store_locator_auto_area_max_zoom\":\"\",\"store_locator_distance\":false,\"wpgmza_store_locator_position\":false,\"store_locator_show_distance\":false,\"store_locator_category\":false,\"wpgmza_store_locator_use_their_location\":false,\"wpgmza_store_locator_bounce\":false,\"wpgmza_sl_animation\":null,\"wpgmza_store_locator_hide_before_search\":false,\"store_locator_query_string\":\"\",\"store_locator_default_address\":\"\",\"store_locator_name_search\":false,\"store_locator_name_string\":\"\",\"store_locator_not_found_message\":\"\",\"wpgmza_map_align\":\"1\",\"jump_to_nearest_marker_on_initialization\":false,\"automatically_pan_to_users_location\":false,\"override_users_location_zoom_level\":false,\"override_users_location_zoom_levels\":\"\",\"show_distance_from_location\":false,\"map_max_zoom\":\"21\",\"map_min_zoom\":\"0\",\"click_open_link\":false,\"fit_maps_bounds_to_markers\":false,\"fit_maps_bounds_to_markers_after_filtering\":false,\"hide_point_of_interest\":false,\"wpgmza_zoom_on_marker_click\":false,\"wpgmza_zoom_on_marker_click_slider\":\"\",\"close_infowindow_on_map_click\":false,\"disable_lightbox_images\":false,\"use_Raw_Jpeg_Coordinates\":false,\"polygon_labels\":false,\"disable_polygon_info_windows\":false,\"enable_marker_ratings\":false,\"only_load_markers_within_viewport\":false,\"iw_primary_color\":\"\",\"iw_accent_color\":\"\",\"iw_text_color\":\"\",\"wpgmza_listmarkers_by\":\"0\",\"wpgmza_marker_listing_position\":false,\"zoom_level_on_marker_listing_override\":false,\"zoom_level_on_marker_listing_click\":\"\",\"datatable_no_result_message\":\"\",\"remove_search_box_datables\":false,\"dataTable_pagination_style\":null,\"datatable_search_string\":\"\",\"datatable_result_start\":\"\",\"datatable_result_of\":\"\",\"datatable_result_to\":\"\",\"datatable_result_total\":\"\",\"datatable_result_show\":\"\",\"datatable_result_entries\":\"\",\"wpgmza_savemap\":\"Zapisz map\\u0119 \\u00bb\"}}' data-map-id='1' Data-maps-engine='open-layers' data-shortcode-attributes='{\"id\":\"1\"}' style=\"display:block; overflow:auto; width:100%; height:400px; float:left;\"><\/div>\n","protected":false},"excerpt":{"rendered":"<p>Przedmiotem projektu jest budowa farmy fotowoltaicznej na dzia\u0142ce 82\/1 obr\u0119b Su\u0142\u00f3w \u0142\u0105cznej mocy 974,95kW. Beneficjentem projektu jest firma HecTare Jacek Radzik. Farma sk\u0142ada\u0107 si\u0119 b\u0119dzie \u0142\u0105cznie 2635 sztuk paneli o mocy jednostkowej 370Wp ka\u017cdy&nbsp;oraz8 falownik\u00f3w. Ilo\u015b\u0107 energii elektrycznej wyprodukowanej w ci\u0105gu roku z instalacji PV wyniesie: 974,95MWh. Emisja CO2, kt\u00f3rej uda si\u0119 unikn\u0105\u0107 wyniesie: 770,22 [&hellip;]<\/p>\n","protected":false},"author":1,"featured_media":0,"parent":0,"menu_order":0,"comment_status":"closed","ping_status":"closed","template":"","meta":[],"_links":{"self":[{"href":"https:\/\/hectare.pl\/index.php\/wp-json\/wp\/v2\/pages\/23"}],"collection":[{"href":"https:\/\/hectare.pl\/index.php\/wp-json\/wp\/v2\/pages"}],"about":[{"href":"https:\/\/hectare.pl\/index.php\/wp-json\/wp\/v2\/types\/page"}],"author":[{"embeddable":true,"href":"https:\/\/hectare.pl\/index.php\/wp-json\/wp\/v2\/users\/1"}],"replies":[{"embeddable":true,"href":"https:\/\/hectare.pl\/index.php\/wp-json\/wp\/v2\/comments?post=23"}],"version-history":[{"count":7,"href":"https:\/\/hectare.pl\/index.php\/wp-json\/wp\/v2\/pages\/23\/revisions"}],"predecessor-version":[{"id":54,"href":"https:\/\/hectare.pl\/index.php\/wp-json\/wp\/v2\/pages\/23\/revisions\/54"}],"wp:attachment":[{"href":"https:\/\/hectare.pl\/index.php\/wp-json\/wp\/v2\/media?parent=23"}],"curies":[{"name":"wp","href":"https:\/\/api.w.org\/{rel}","templated":true}]}}